hat is the units digit of 1938?
8
What is the hundreds digit of 17335?
3
What is the tens digit of 14783?
8
What is the tens digit of 2329?
2
What is the units digit of 4969?
9
What is the units digit of 252?
2
What is the tens digit of 3035?
3
What is the hundreds digit of 688?
6
What is the units digit of 13406?
6
What is the hundreds digit of 4857?
8
What is the units digit of 33583?
3
What is the units digit of 19960?
0
What is the hundreds digit of 1638?
6
What is the units digit of 4430?
0
What is the thousands digit of 1089?
1
What is the units digit of 13813?
3
What is the hundreds digit of 8651?
6
What is the thousands digit of 65283?
5
What is the tens digit of 907?
0
What is the hundreds digit of 520?
5
What is the units digit of 11065?
5
What is the hundreds digit of 599?
5
What is the thousands digit of 10065?
0
What is the tens digit of 719?
1
What is the tens digit of 459?
5
What is the ten thousands digit of 56092?
5
What is the tens digit of 432?
3
What is the units digit of 766?
6
What is the tens digit of 1108?
0
What is the thousands digit of 6797?
6
What is the units digit of 2377?
7
What is the ten thousands digit of 18193?
1
What is the tens digit of 406?
0
What is the thousands digit of 4677?
4
What is the units digit of 2400?
0
What is the thousands digit of 1117?
1
What is the units digit of 530?
0
What is the tens digit of 107726?
2
What is the tens digit of 7802?
0
What is the units digit of 3708?
8
What is the thousands digit of 4576?
4
What is the units digit of 45854?
4
What is the tens digit of 5718?
1
What is the tens digit of 34?
3
What is the tens digit of 2290?
9
What is the units digit of 774?
4
What is the ten thousands digit of 13113?
1
What is the hundreds digit of 591?
5
What is the units digit of 2733?
3
What is the tens digit of 1151?
5
What is the hundreds digit of 59392?
3
What is the hundreds digit of 652?
6
What is the tens digit of 5203?
0
What is the units digit of 66115?
5
What is the units digit of 7641?
1
What is the units digit of 1325?
5
What is the tens digit of 431?
3
What is the units digit of 919?
9
What is the hundreds digit of 258?
2
What is the tens digit of 45872?
7
What is the hundreds digit of 13957?
9
What is the units digit of 3596?
6
What is the units digit of 1026?
6
What is the ten thousands digit of 47075?
4
What is the hundreds digit of 1227?
2
What is the tens digit of 19230?
3
What is the tens digit of 573?
7
What is the tens digit of 10173?
7
What is the hundreds digit of 1773?
7
What is the tens digit of 11882?
8
What is the thousands digit of 11311?
1
What is the hundreds digit of 1420?
4
What is the thousands digit of 5709?
5
What is the hundreds digit of 1286?
2
What is the tens digit of 1727?
2
What is the tens digit of 1213?
1
What is the hundreds digit of 1641?
6
What is the tens digit of 920?
2
What is the tens digit of 11578?
7
What is the tens digit of 3810?
1
What is the units digit of 1330?
0
What is the units digit of 8714?
4
What is the units digit of 153?
3
What is the hundreds digit of 535?
5
What is the thousands digit of 6406?
6
What is the units digit of 155?
5
What is the units digit of 823?
3
What is the tens digit of 3736?
3
What is the thousands digit of 69592?
9
What is the ten thousands digit of 13645?
1
What is the units digit of 20817?
7
What is the ten thousands digit of 29014?
2
What is the hundreds digit of 190725?
7
What is the thousands digit of 9946?
9
What is the thousands digit of 8379?
8
What is the thousands digit of 14881?
4
What is the tens digit of 114547?
4
What is the units digit of 53125?
5
What is the thousands digit of 6990?
6
What is the hundreds digit of 85296?
2
What is the units digit of 66003?
3
What is the thousands digit of 58724?
8
What is the units digit of 272?
2
What is the thousands digit of 3190?
3
What is the units digit of 8105?
5
What is the thousands digit of 34817?
4
What is the units digit of 38708?
8
What is the thousands digit of 4285?
4
What is the hundreds digit of 924?
9
What is the hundreds digit of 3671?
6
What is the hundred thousands digit of 157093?
1
What is the hundreds digit of 154?
1
What is the tens digit of 4701?
0
What is the hundreds digit of 276?
2
What is the thousands digit of 13302?
3
What is the units digit of 63907?
7
What is the units digit of 1167?
7
What is the thousands digit of 1441?
1
What is the hundreds digit of 20265?
2
What is the tens digit of 624?
2
What is the units digit of 4221?
1
What is the tens digit of 6139?
3
What is the thousands digit of 9648?
9
What is the hundreds digit of 28779?
7
What is the tens digit of 301?
0
What is the tens digit of 926?
2
What is the tens digit of 3689?
8
What is the thousands digit of 27713?
7
What is the thousands digit of 1004?
1
What is the units digit of 8364?
4
What is the thousands digit of 16807?
6
What is the hundreds digit of 67464?
4
What is the tens digit of 903?
0
What is the tens digit of 993?
9
What is the tens digit of 249?
4
What is the units digit of 2525?
5
What is the thousands digit of 5431?
5
What is the thousands digit of 2790?
2
What is the units digit of 3933?
3
What is the hundreds digit of 372?
3
What is the units digit of 1354?
4
What is the hundred thousands digit of 117259?
1
What is the thousands digit of 42337?
2
What is the units digit of 14009?
9
What is the thousands digit of 1419?
1
What is the tens digit of 89965?
6
What is the units digit of 850?
0
What is the thousands digit of 22327?
2
What is the units digit of 59289?
9
What is the tens digit of 14681?
8
What is the hundreds digit of 1357?
3
What is the thousands digit of 5469?
5
What is the hundreds digit of 537?
5
What is the tens digit of 19843?
4
What is the units digit of 54965?
5
What is the hundred thousands digit of 140441?
1
What is the thousands digit of 97663?
7
What is the hundreds digit of 227?
2
What is the thousands digit of 2216?
2
What is the hundreds digit of 75273?
2
What is the units digit of 1729?
9
What is the units digit of 944?
4
What is the units digit of 57?
7
What is the ten thousands digit of 14299?
1
What is the tens digit of 1219?
1
What is the units digit of 34453?
3
What is the units digit of 691?
1
What is the hundreds digit of 731?
7
What is the units digit of 15950?
0
What is the hundreds digit of 8290?
2
What is the hundreds digit of 849?
8
What is the units digit of 8427?
7
What is the thousands digit of 142292?
2
What is the units digit of 659?
9
What is the units digit of 692?
2
What is the hundreds digit of 2120?
1
What is the tens digit of 3237?
3
What is the tens digit of 1811?
1
What is the units digit of 4645?
5
What is the units digit of 11746?
6
What is the hundreds digit of 93907?
9
What is the thousands digit of 3760?
3
What is the tens digit of 1339?
3
What is the units digit of 19793?
3
What is the hundreds digit of 9731?
7
What is the units digit of 377?
7
What is the thousands digit of 32659?
2
What is the thousands digit of 9873?
9
What is the thousands digit of 33437?
3
What is the units digit of 20766?
6
What is the units digit of 1567?
7
What is the units digit of 18915?
5
What is the tens digit of 4046?
4
What is the hundreds digit of 6725?
7
What is the hundreds digit of 2017?
0
What is the hundreds digit of 3155?
1
What is the thousands digit of 49569?
9
What is the tens digit of 96332?
3
What is the thousands digit of 1586?
1
What is the hundreds digit of 45716?
7
What is the ten thousands digit of 48986?
4
What is the units digit of 199?
9
What is the hundreds digit of 12406?
4
What is the hundreds digit of 167900?
9
What is the units digit of 59821?
1
What is the ten thousands digit of 48207?
4
What is the tens digit of 36214?
1
What is the tens digit of 3830?
3
What is the units digit of 1541?
1
What is the thousands digit of 14794?
4
What is the thousands digit of 96579?
6
What is the units digit of 1419?
9
What is the thousands digit of 17283?
7
What is the units digit of 1137?
7
What is the ten thousands digit of 11348?
1
What is the tens digit of 509?
0
What is the thousands digit of 12787?
2
What is the tens digit of 28213?
1
What is the ten thousands digit of 53208?
5
What is the tens digit of 4473?
7
What is the tens digit of 32587?
8
What is the tens digit of 11684?
8
Wha